 remainder when 276019 is divided by 262.
133
What is the remainder when 6724353 is divided by 103?
101
What is the remainder when 144451274 is divided by 13131934?
0
Calculate the remainder when 114445309 is divided by 10404119.
0
Calculate the remainder when 5191742 is divided by 5191574.
168
What is the remainder when 1035239 is divided by 103510?
139
What is the remainder when 6197804 is divided by 60?
44
Calculate the remainder when 832739 is divided by 410.
29
Calculate the remainder when 6170171 is divided by 6169983.
188
What is the remainder when 235483 is divided by 58732?
555
Calculate the remainder when 1111769 is divided by 1111758.
11
Calculate the remainder when 23743 is divided by 5926.
39
What is the remainder when 1558014 is divided by 8?
6
Calculate the remainder when 2789935 is divided by 3290.
15
What is the remainder when 44426878 is divided by 1728?
1726
What is the remainder when 96554 is divided by 48247?
60
Calculate the remainder when 3988642 is divided by 997149.
46
What is the remainder when 15593520 is divided by 34?
32
What is the remainder when 7754218 is divided by 59?
25
Calculate the remainder when 23288275 is divided by 62.
21
What is the remainder when 616618 is divided by 212?
122
Calculate the remainder when 21768624 is divided by 28.
24
Calculate the remainder when 186222 is divided by 26575.
197
What is the remainder when 2923137 is divided by 2923125?
12
Calculate the remainder when 2856904 is divided by 5691.
22
Calculate the remainder when 16295364 is divided by 8147680.
4
Calculate the remainder when 890045 is divided by 8812.
33
Calculate the remainder when 331402 is divided by 66247.
167
What is the remainder when 1812792 is divided by 3290?
2
What is the remainder when 37205729 is divided by 54?
53
What is the remainder when 1326927 is divided by 9408?
399
What is the remainder when 53979272 is divided by 3598614?
62
Calculate the remainder when 1870391 is divided by 41.
12
What is the remainder when 1677900 is divided by 14980?
140
Calculate the remainder when 441808 is divided by 2398.
576
Calculate the remainder when 11199382 is divided by 115.
107
Calculate the remainder when 2448853 is divided by 111309.
55
What is the remainder when 196318 is divided by 196020?
298
Calculate the remainder when 50803 is divided by 5426.
1969
Calculate the remainder when 25409841 is divided by 25409829.
12
What is the remainder when 12246830 is divided by 4082276?
2
What is the remainder when 388555 is divided by 1542?
1513
What is the remainder when 258276 is divided by 36714?
1278
What is the remainder when 45584 is divided by 7595?
14
What is the remainder when 410242 is divided by 303?
283
Calculate the remainder when 3581991 is divided by 657.
27
Calculate the remainder when 6479707 is divided by 10468.
15
What is the remainder when 1481820 is divided by 740866?
88
What is the remainder when 923190 is divided by 886?
864
Calculate the remainder when 5658 is divided by 1851.
105
What is the remainder when 950600 is divided by 290?
270
What is the remainder when 925042 is divided by 1974?
1210
Calculate the remainder when 9128689 is divided by 170.
29
What is the remainder when 13795 is divided by 110?
45
What is the remainder when 197596 is divided by 950?
946
Calculate the remainder when 3045387 is divided by 3243.
210
What is the remainder when 140181 is divided by 742?
685
What is the remainder when 321655 is divided by 9747?
4
Calculate the remainder when 973109 is divided by 74854.
7
What is the remainder when 26217018 is divided by 8738996?
30
Calculate the remainder when 1223951 is divided by 611975.
1
What is the remainder when 467401 is divided by 796?
149
What is the remainder when 52934512 is divided by 6221?
23
What is the remainder when 664827 is divided by 39107?
8
Calculate the remainder when 18147631 is divided by 235.
226
Calculate the remainder when 894245 is divided by 233.
224
What is the remainder when 473078 is divided by 236515?
48
What is the remainder when 4015 is divided by 284?
39
What is the remainder when 76968 is divided by 185?
8
Calculate the remainder when 14787643 is divided by 64.
59
Calculate the remainder when 71619398 is divided by 163.
132
Calculate the remainder when 10725878 is divided by 760.
758
Calculate the remainder when 982163 is divided by 3178.
161
Calculate the remainder when 624753 is divided by 5.
3
Calculate the remainder when 2314602 is divided by 2505.
2487
What is the remainder when 7759182 is divided by 321?
291
Calculate the remainder when 516291 is divided by 166.
31
What is the remainder when 1166219 is divided by 60?
59
Calculate the remainder when 8909656 is divided by 1233.
1231
Calculate the remainder when 8774645 is divided by 2924867.
44
Calculate the remainder when 642873 is divided by 75.
48
Calculate the remainder when 16505 is divided by 912.
89
Calculate the remainder when 255934 is divided by 429.
250
Calculate the remainder when 255948 is divided by 265.
223
Calculate the remainder when 1996807 is divided by 153532.
891
Calculate the remainder when 362469 is divided by 865.
34
Calculate the remainder when 56992 is divided by 56126.
866
What is the remainder when 90731 is divided by 30231?
38
Calculate the remainder when 8915062 is divided by 2228724.
166
What is the remainder when 16023 is divided by 35?
28
Calculate the remainder when 632044 is divided by 1073.
47
What is the remainder when 137714 is divided by 27522?
104
Calculate the remainder when 34012 is divided by 32437.
1575
Calculate the remainder when 7056618 is divided by 805.
793
Calculate the remainder when 18124925 is divided by 62716.
1
Calculate the remainder when 163249 is divided by 2697.
1429
What is the remainder when 766825 is divided by 127797?
43
What is the remainder when 1438439 is divided by 12?
11
Calculate the remainder when 19662398 is divided by 5691.
5684
What is the remainder when 275979052 is divided by 91993014?
10
What is the remainder when 2864976 is divided by 1965?
6
Calculate the remainder when 3085569 is divided by 146.
5
Calculate the remainder when 61953298 is divided by 180.
178
Calculate the remainder when 20108 is divided by 226.
220
What is the remainder when 32395 is divided by 10683?
346
Calculate the remainder when 491581 is divided by 48734.
4241
What is the remainder when 20883 is divided by 4153?
118
Calculate the remainder when 27012403 is divided by 37.
35
Calculate the remainder when 2019414 is divided by 5025.
4389
Calculate the remainder when 15375970 is divided by 6258.
64
What is the remainder when 14057 is divided by 3017?
1989
What is the remainder when 91981537 is divided by 87269?
11
What is the remainder when 74462927 is divided by 72?
23
What is the remainder when 184431 is divided by 582?
519
What is the remainder when 14139038 is divided by 258?
122
Calculate the remainder when 2085350 is divided by 2085341.
9
What is the remainder when 20686 is divided by 667?
9
Calculate the remainder when 744718 is divided by 190.
108
Calculate the remainder when 577629161 is divided by 112161.
11
What is the remainder when 333136 is divided by 4692?
4
Calculate the remainder when 1455303 is divided by 12764.
207
What is the remainder when 207802 is divided by 68684?
1750
Calculate the remainder when 910709 is divided by 42.
23
What is the remainder when 15579281 is divided by 4293?
4277
What is the remainder when 1246676 is divided by 2421?
2282
Calculate the remainder when 51656589 is divided by 119.
117
What is the remainder when 91718796 is divided by 196?
8
What is the remainder when 5800076 is divided by 215?
21
Calculate the remainder when 175435193 is divided by 4960.
4953
Calculate the remainder when 152049 is divided by 1511.
949
What is the remainder when 1989893 is divided by 180?
173
Calculate the remainder when 8068798 is divided by 6017.
1
Calculate the remainder when 19222249 is divided by 10.
9
What is the remainder when 518996 is divided by 19?
11
Calculate the remainder when 6619138 is divided by 9.
7
What is the remainder when 137018436 is divided by 8217?
8178
What is the remainder when 1791903 is divided by 94310?
13
What is the remainder when 503984 is divided by 1726?
1718
Calculate the remainder when 3